
False
Is 191 a factor of 11004?
False
Does 5 divide 80?
True
Is 273 a multiple of 7?
True
Is 44286 a multiple of 33?
True
Does 3 divide 36?
True
Is 2876 a multiple of 30?
False
Is 189 a multiple of 7?
True
Does 29 divide 9212?
False
Is 12 a factor of 1931?
False
Does 38 divide 5188?
False
Is 34 a factor of 1666?
True
Is 25 a factor of 243?
False
Is 181 a multiple of 10?
False
Does 13 divide 859?
False
Is 104 a factor of 25491?
False
Is 292 a multiple of 8?
False
Is 43022 a multiple of 6?
False
Is 3791 a multiple of 22?
False
Does 4 divide 643?
False
Does 38 divide 562?
False
Does 24 divide 367?
False
Is 7 a factor of 667?
False
Is 46 a factor of 6762?
True
Is 310 a multiple of 5?
True
Is 780 a multiple of 13?
True
Is 48 a multiple of 2?
True
Is 71 a multiple of 2?
False
Is 93 a factor of 93?
True
Is 35 a factor of 44450?
True
Does 4 divide 31?
False
Does 18 divide 2358?
True
Is 319 a multiple of 11?
True
Does 17 divide 799?
True
Is 1388 a multiple of 12?
False
Does 207 divide 29421?
False
Is 4 a factor of 644?
True
Does 3 divide 816?
True
Is 27 a factor of 4454?
False
Is 68 a multiple of 20?
False
Does 7 divide 434?
True
Is 36 a factor of 23472?
True
Is 30201 a multiple of 151?
False
Is 76 a factor of 32528?
True
Does 8 divide 60923?
False
Is 2356 a multiple of 74?
False
Is 43 a factor of 5973?
False
Does 42 divide 502?
False
Does 162 divide 8461?
False
Does 30 divide 792?
False
Is 35 a factor of 7910?
True
Is 4836 a multiple of 62?
True
Does 11 divide 1155?
True
Is 717 a multiple of 18?
False
Is 7 a factor of 1232?
True
Is 17 a factor of 1140?
False
Does 55 divide 2970?
True
Is 780 a multiple of 5?
True
Does 75 divide 1418?
False
Is 54 a factor of 108?
True
Is 3690 a multiple of 41?
True
Is 16 a factor of 38537?
False
Is 84 a multiple of 21?
True
Is 5460 a multiple of 3?
True
Does 83 divide 7387?
True
Is 1634 a multiple of 43?
True
Is 175 a factor of 86207?
False
Is 13 a factor of 1677?
True
Is 93636 a multiple of 34?
True
Is 902 a multiple of 11?
True
Is 773 a multiple of 8?
False
Is 4653 a multiple of 11?
True
Is 19151 a multiple of 47?
False
Is 388 a multiple of 13?
False
Is 21 a factor of 120834?
True
Is 11635 a multiple of 8?
False
Is 6 a factor of 6425?
False
Is 4646 a multiple of 23?
True
Does 14 divide 476?
True
Is 17 a factor of 469?
False
Is 13 a factor of 63056?
False
Is 18 a factor of 190?
False
Is 26 a factor of 1461?
False
Is 51 a multiple of 3?
True
Is 483 a multiple of 21?
True
Is 36106 a multiple of 207?
False
Does 16 divide 3296?
True
Does 294 divide 73680?
False
Is 103 a multiple of 10?
False
Is 35 a factor of 3605?
True
Is 29 a factor of 4582?
True
Is 1315 a multiple of 55?
False
Is 17 a factor of 204?
True
Does 7 divide 95?
False
Does 3 divide 4665?
True
Is 3 a factor of 540?
True
Does 58 divide 17404?
False
Does 70 divide 4079?
False
Does 12 divide 415?
False
Is 33 a factor of 2188?
False
Does 151 divide 37171?
False
Does 7 divide 4777?
False
Does 123 divide 9893?
False
Is 1797 a multiple of 28?
False
Is 9486 a multiple of 93?
True
Is 285 a multiple of 15?
True
Is 133476 a multiple of 84?
True
Is 14 a factor of 1323?
False
Is 36 a factor of 432?
True
Is 30 a factor of 9300?
True
Does 14 divide 3458?
True
Is 61807 a multiple of 19?
True
Does 37 divide 3399?
False
Is 1988 a multiple of 7?
True
Is 11 a factor of 66?
True
Does 149 divide 20860?
True
Is 31 a factor of 1684?
False
Is 3720 a multiple of 248?
True
Does 132 divide 16500?
True
Is 1168 even?
True
Is 24992 a multiple of 176?
True
Is 4720 a multiple of 20?
True
Is 8 a factor of 30064?
True
Does 22 divide 5508?
False
Does 17 divide 12614?
True
Is 128503 a multiple of 17?
True
Does 97 divide 99338?
False
Does 21 divide 1582?
False
Does 10 divide 1407?
False
Is 32 a factor of 992?
True
Is 2453 a multiple of 44?
False
Is 11 a factor of 14828?
True
Is 1116 a multiple of 12?
True
Is 1924 a multiple of 52?
True
Is 2072 a multiple of 14?
True
Is 42 a factor of 252?
True
Is 342 a multiple of 27?
False
Is 22869 a multiple of 63?
True
Does 11 divide 121?
True
Does 23 divide 1546?
False
Is 14 a factor of 2450?
True
Does 64 divide 9664?
True
Does 5 divide 14515?
True
Is 38 a factor of 1236?
False
Does 56 divide 2072?
True
Is 6294 a multiple of 6?
True
Does 9 divide 54?
True
Does 63 divide 475?
False
Does 5 divide 211?
False
Does 13 divide 46619?
False
Does 54 divide 1874?
False
Does 68 divide 17350?
False
Is 119 a factor of 559?
False
Does 10 divide 34860?
True
Does 32 divide 256?
True
Does 16 divide 1040?
True
Does 174 divide 39672?
True
Does 17 divide 8432?
True
Is 1028 a multiple of 11?
False
Is 53123 a multiple of 45?
False
Is 378 a multiple of 63?
True
Does 14 divide 1036?
True
Does 15 divide 7200?
True
Is 59 a factor of 15697?
False
Does 10 divide 250?
True
Does 21 divide 2413?
False
Is 4 a factor of 2010?
False
Does 120 divide 10320?
True
Is 26 a factor of 787?
False
Is 29120 a multiple of 8?
True
Is 17 a factor of 9095?
True
Is 3116 a multiple of 82?
True
Does 5 divide 740?
True
Does 9 divide 393?
False
Is 157419 a multiple of 22?
False
Is 18 a factor of 1918?
False
Is 29162 a multiple of 238?
False
Does 9 divide 439?
False
Is 222 a multiple of 37?
True
Does 14 divide 10296?
False
Does 14 divide 994?
True
Is 4 a factor of 587?
False
Does 24 divide 40046?
False
Is 32 a factor of 512?
True
Does 7 divide 15887?
False
Is 22 a factor of 3226?
False
Is 2 a factor of 5086?
True
Is 24 a factor of 313?
False
Does 27 divide 1220?
False
Is 192 a multiple of 5?
False
Is 40762 a multiple of 229?
True
Does 22 divide 2261?
False
Is 111100 a multiple of 11?
True
Is 20 a factor of 20?
True
Is 40 a factor of 4720?
True
Is 2147 a multiple of 84?
False
Is 32 a factor of 8480?
True
Is 77 a factor of 2926?
True
Does 7 divide 1252?
False
Does 75 divide 80625?
True
Does 97 divide 13677?
True
Is 5 a factor of 760?
True
Is 23526 a multiple of 9?
True
Is 25 a factor of 12471?
False
Is 420 a multiple of 28?
True
Is 47759 a multiple of 17?
False
Is 17 a factor of 20711?
False
Is 5 a factor of 1679?
False
Is 1015 a multiple of 35?
True
Is 3728 a multiple of 26?
False
Is 3332 a multiple of 14?
True
Is 154 a factor of 1015?
False
Does 44 divide 220?
True
Does 47 divide 94?
True
Is 4312 a multiple of 14?
True
Is 14 a factor of 1032?
False
Does 5 divide 364?
False
Does 49 divide 1617?
True
Is 1739 a multiple of 6?
False
Is 31 a factor of 14360?
False
Is 7 a factor of 6293?
True
Is 31063 a multiple of 24?
False
Is 14 a factor of 470?
False
Is 10 a factor of 127?
False
Is 8190 a multiple of 18?
True
Is 40 a factor of 1920?
True
Is 16 a factor of 1714?
False
Does 39 divide 185?
False
Is 26 a multiple of 5?
False
Is 51 a factor of 1428?
True
Is 80 a factor of 2344?
False
Is 5 a factor of 22315?
True
Is 6489 a multiple of 63?
True
Does 7 divide 224?
True
Is 1067 a multiple of 37?
False
Is 51 a factor of 7242?
True
Is 3713 a multiple of 101?
False
Is 2 a factor of 6297?
False
Is 3840 a multiple of 40?
True
Is 9 a factor of 48?
False
Is 25 a factor of 10528?
False
Does 92 divide 3864?
True
Is 15375 a multiple of 125?
True
Does 37 divide 1160?
False
Is 37 a factor of 456?
False
Does 7 divide 21007?
True
Does 28 divide 78?
False
Does 6 divide 19842?
True
Is 18 a factor of 3762?
True
Is 828 a multiple of 6?
True
Is 2416 a multiple of 16?
True
Is 4 a factor of 1385?
False
Is 24 a factor of 24840?
True
Is 38 a factor of 17746?
True
Is 1946 a multiple of 112?
False
Is 29650 a multiple of 25?
True
Is 152 a factor of 2331?
False
Is 2652 a multiple of 13?
True
Is 3269 a multiple of 97?
False
Does 10 divide 2007?
False
Does 13 divide 7720?
False
Does 15 divide 1213?
False
Is 781 a multiple of 39?
False
Does 8 divide 106?
False
Does 31 divide 1336?
False
Does 9 divide 60417?
True
Does 37 divide 1622?
False
Is 6 a factor of 396?
True
Does 16 divide 814?
False
Does 6 divide 62238?
True
Is 18 a factor of 184?
False
Is 13 a factor of 104?
True
Is 18 a factor of 3022?
False
Is 43 a factor of 66214?
False
Is 1248 a multiple of 32?
True
Is 70 a factor of 3990?
True
Does 12 divide 859?
False
Is 5229 a multiple of 9?
True
Is 185 a factor of 405?
False
Is 86532 a multiple of 20?
False
Is 17 a factor of 26061?
True
Is 9398 a multiple of 37?
True
Is 55 a factor of 72380?
True
Is 3618 a multiple of 18?
True
Does 36 divide 4572?
T